4*m - 5*m + 2 + 5*m + 3*m. Let u(d) = -2*d + 3. Let j(h) = 2*u(h) - 3*z(h). Determine j(3).
-3
Let u(g) = -g + 4. Let b be 6/(-8) - (-45)/(-36). Let v = 1 - b. Give u(v).
1
Let h(o) be the third derivative of -o**6/120 - o**5/10 - o**4/8 - 2*o**3/3 - 203*o**2. Suppose 0 = 5*f + 9 + 21. Determine h(f).
14
Let l = 11 - 11. Let k(i) = 12 + 0*i - 2*i + l. What is k(8)?
-4
Let b(h) be the first derivative of h**2/2 + h + 1. Let c(d) = -59*d + 415. Let y be c(7). Give b(y).
3
Let r(f) = -7*f + 10 + 9*f**2 + 3 - 6*f**2 - 2*f**2. Calculate r(9).
31
Let m(l) = 2 + 58*l - 129*l + 70*l. Give m(-9).
11
Let i(n) = n**3 + n**2 - 1. Suppose 0 = 5*b + 15 + 30. Let t = 7 + b. What is i(t)?
-5
Let n(i) = 2*i**2 + 5*i + 7. Let v be ((-325)/(-20))/(-13)*(5 - 1). Determine n(v).
32
Let g(d) = 39*d**2 + 11*d**2 - 58*d**2 - d**3 - 4*d + 2. What is g(-8)?
34
Suppose -28*i = -120 + 36. Let o(w) = 2*w + 3. Give o(i).
9
Let n(d) = 8*d + 11*d**2 - 10*d + 1 - 2*d**2 + 0*d**2. Give n(1).
8
Let f(k) be the third derivative of 1/10*k**5 + 0*k + k**3 - 1/3*k**4 + 9*k**2 - 1/120*k**6 + 0. Determine f(5).
-9
Let m = -42 + 42. Suppose -l + 5*h + 3 - 1 = 0, -6 = -3*l - 2*h. Let j(o) = -l + 3 + o**2 + 2. What is j(m)?
3
Let b(k) = -k - 4. Let w(j) = j + 4. Let a(f) = -6*b(f) - 7*w(f). Let m(l) = -l**3 + 5*l**2 - l + 9. Let z be m(4). Let r be 6/6 + z/(-3). Calculate a(r).
2
Let a(d) be the first derivative of -1/120*d**5 + 0*d**2 + 0*d - 5 - 1/4*d**4 + 7/3*d**3. Let i(r) be the third derivative of a(r). Calculate i(-7).
1
Let a(j) = 6*j - 85. Let i be a(15). Let b(x) = 5*x - 9. Let h(q) = 3*q - 5. Let y(l) = 4*b(l) - 7*h(l). What is y(i)?
-6
Let f(v) be the third derivative of -5*v**2 + 1/12*v**4 + 0*v + 1/144*v**6 + 0*v**5 + 0 + 0*v**3. Let q(y) be the second derivative of f(y). Determine q(-2).
-10
Let x(r) = -r**2 - 2*r + 3. Let v be x(-3). Let q(i) = i - 4*i - 2*i**3 + 3*i**3 + v*i - 2*i**2. Suppose 15 = 3*f + 2*f. Determine q(f).
0
Let h(o) be the first derivative of -o + 1/2*o**2 - 22. Give h(-6).
-7
Let x(h) = -h**2 - 6*h - 7. Let z be (-5)/2*(2 - 4). Let y be (-54)/10 + 2/z. Determine x(y).
-2
Let k(x) be the second derivative of -x**3 + 9*x**2/2 - x + 107. What is k(4)?
-15
Let g(n) = 2*n**2 - n**3 - 2*n**3 + 2*n**3 + 1. Let m(o) = -o**3 + 3*o**2 + 2*o + 11. Let p(i) = i**2 + 14*i + 17. Let x be p(-13). Let b be m(x). What is g(b)?
-8
Let d(x) = -16*x - 155. Let p be d(-10). Let u(y) be the second derivative of -2/3*y**4 - 3/2*y**3 + 8*y - 1/20*y**p - y**2 + 0. Give u(-7).
12
Let m = -133 - -143. Let y(x) = x**2 - 8*x - 8. Give y(m).
12
Let j = 52 - 52. Suppose -4*c - 10 = 3*l, j*l - 3*l = -c + 35. Let f(t) = t**2 + 11*t + 7. Determine f(l).
-3
Let s(f) be the third derivative of 0*f**4 + 15*f**2 + 1/10*f**5 + 0*f + 0*f**3 + 0 - 1/120*f**6. Determine s(6).
0
Let r = 12 + -10. Let x(o) = -r*o + 1 + 6*o - 8 - 3*o. Let b(k) = 3*k + 1. Let u be b(2). Give x(u).
0
Suppose -10*t - 15 = -5*b - 12*t, -3*b = -t + 2. Let y(p) = -11*p**3 + 2*p**2 - p. Determine y(b).
-10
Let q(y) = -y**2 + y - 7. Let m(v) = 2*v**2 - v + 15. Let u(h) = 6*m(h) + 13*q(h). Calculate u(6).
5
Let d(z) = 14 - z**3 + 23*z + 0*z**3 - 12*z**2 + 2*z**2 - 26*z + 14*z. Calculate d(-11).
14
Let g(t) = -6*t + t + 7 + 2*t**2 - 3*t**2 + 3*t. Give g(-5).
-8
Let b be 444/36 + (-4)/(-6). Let u(y) = -b + 7*y - 6*y + 0*y + 0*y. What is u(0)?
-13
Suppose -u = -2*f + 8, f + 7*u + 3 = 4*u. Let i(a) = -7*a**2 + 3*a**2 - 3*a + 3*a**2 + 3. What is i(f)?
-15
Let n(s) be the third derivative of s**2 - 1/12*s**4 + 0 + 0*s - 1/6*s**3. Suppose 69*d + 2 = -343. Calculate n(d).
9
Let f be 30/(-2 - 3)*2/(-12). Let u(h) = 18*h**2 - 2*h + 1. Calculate u(f).
17
Let t(p) = p**2 + 7*p + 4. Let w(j) = -j**2 - 3*j + 5. Suppose 0 = 2*f - 4*s - 12, -3*f + 4*s = -2*f - 10. Let g be w(f). Calculate t(g).
-6
Let m(p) = -p**2 + 11*p + 10. Let c be -93 - -108 - (4 - -1). Determine m(c).
20
Suppose 5*f = 6*f - 2. Let j(k) be the third derivative of k**5/30 + k**4/24 + k**3/6 + k**2. Give j(f).
11
Let c(o) = 6*o - 4 - 8*o + 6*o + o. Calculate c(3).
11
Let a be (-3 + 2)/(1/28). Let w = a + 31. Suppose 5*t + 0*j - 6 = w*j, -4*j = 3*t - 21. Let v(k) = -k**2 + k + 2. What is v(t)?
-4
Suppose -9 = 3*f, u + 4*f + 5 = -f. Let c(b) = -b**3 + 9*b**2 + 11*b - 4. Give c(u).
6
Let v(k) = 4*k + 4*k + 1 + 15*k. What is v(-1)?
-22
Let n(k) = -3*k - 1. Let b(i) = 13*i + 6. Let u(a) = -3*b(a) - 15*n(a). Determine u(4).
21
Suppose -3*u = 2*u - 25. Let t(p) = 3*p - 23. Let w be t(9). Let l(o) = -3 - o**3 - 4 + 4*o**2 + w + 6*o - 2*o. Calculate l(u).
-8
Suppose -g + 140*z = 141*z - 11, -5*z = -3*g + 49. Let t(d) = d**3 - 14*d**2 + 15*d - 16. What is t(g)?
10
Let q(u) = -u**3 - 2*u**3 + 44*u**2 + 4*u**3 - 24*u**2 - 21*u**2 - 2 - 3*u. What is q(-1)?
-1
Let n(v) = -4*v**3 + 121*v - 69*v - 53*v. Suppose 5*d - 20 = -j, -8*j = -4*j. Suppose -f - d + 5 = 0. What is n(f)?
-5
Let c(i) = 8*i - 1. Let t = -40 - -14. Let s = 24 + t. What is c(s)?
-17
Suppose 4*j + 174 = 2*u, -4*u - j = -343 - 32. Let l = 91 - u. Let y(i) = 8*i + 1. Give y(l).
-15
Suppose -5*i + 11 = -4*o, 4*i - 10 = o + 1. Let j = o - -4. Suppose 0 = k - 0 - j. Let y(d) = -d**3 + 4*d**2 + 5*d + 2. Give y(k).
2
Let a(v) = -v**3 + 15*v**2 - v + 24. Let n be a(15). Let h(f) = n + 0*f - 6 + f - 7. Give h(-3).
-7
Let n be (-12)/15 - (-72)/15. Let k(b) = -2*b**2 + 7*b - 4. Let i(v) = 3*v**2 - 7*v + 5. Let p(w) = n*k(w) + 3*i(w). Determine p(-6).
-7
Let j(r) = -r**3 + 4*r**2 + 9*r - 8. Suppose -29*h + 27*h = -5*o + 26, -3*o + h + 16 = 0. Determine j(o).
-26
Let m(k) = 15*k + 2. Suppose 3*p = -4*i + 3 + 15, 3*p + i - 9 = 0. Determine m(p).
32
Let o(i) = 27*i - 135. Let l be o(5). Let y(u) = -u**2 + u + 17. Calculate y(l).
17
Let j(y) = -3*y**2 - y + 2. Let v(i) = i**3 + 12*i**2 - 10*i + 37. Let z be v(-13). Give j(z).
-8
Let r(b) be the second derivative of 1/6*b**3 + 0 - b - 13/2*b**2. Calculate r(0).
-13
Let k(j) = -28*j - 260. Let v be k(-9). Let g(h) = -h - 17. Determine g(v).
-9
Let c(j) be the first derivative of 5 + j + 3/2*j**2. Suppose -13*l + 4 = -9*l. Determine c(l).
4
Suppose 6*g - 2*g = 36. Suppose -4*c + 0*a = 3*a - g, -4 = c + 2*a. Let f(l) be the third derivative of -l**4/24 + l**3 - 82*l**2. What is f(c)?
0
Let r be ((-2)/(-6))/(4/36). Suppose -r*z + q = -2, 0 = -5*q + 20 - 0. Let v(b) = -z*b + b**2 - 3 - 5 + 1. Determine v(5).
8
Let t(s) = -6*s - 320 + 642 - 328. Calculate t(-5).
24
Let j(s) = -6 - s + 0*s - s. Let n be (-5)/((-25)/35) - 3. Suppose 9*t - 4*t = 4*l + 39, -2*t + 30 = -n*l. Give j(l).
6
Let l = -14 - -15. Let w(q) = l + 4 - 3 - q. Give w(6).
-4
Let o(w) be the second derivative of -w**3/6 + 23*w**2/2 + 78*w. What is o(16)?
7
Let f = 635 - 648. Let j(r) = -2*r - 14. Calculate j(f).
12
Let h(f) = -4*f - 5. Let g(p) = -7*p - 9. Suppose 2*v + y - 3 = -0*v, -2*v - 2*y = 0. Let j(r) = v*g(r) - 5*h(r). Give j(3).
-5
Suppose -2*z - 22 + 50 = 5*t, -2*z + 4 = -t. Suppose 3*n - 4*x + 14 = 0, 4 = z*n + 5*x + 2. Let a(m) = 2*m - 1. What is a(n)?
-5
Let f(s) = 81*s**2 - 66*s + 59*s - 88*s**2 - s**3. Give f(-6).
6
Let i(z) = 4*z - 3. Suppose -u = 4 - 0. Suppose 1 = -4*y + 13. Let j(n) = 5*n - 4. Let p(b) = u*i(b) + y*j(b). What is p(5)?
-5
Let p(n) be the first derivative of 5*n**3/3 + n**2/2 + 294. Suppose -3 - 2 = -5*m. What is p(m)?
6
Let l(c) = -c**3 + 45*c**2 + 2 - 12*c**2 - 29*c**2 + c. Calculate l(5).
-18
Suppose -o - 10 = -3*i, 5*o + 14 = -0*o + 3*i. Let t(f) = 16*f + 2. Calculate t(o).
-14
Suppose 20 = -0*b - 3*b + 4*p, -3*p = -2*b - 15. Let g = -7 + b. Let v(f) = f**2 + 7*f - 1. Calculate v(g).
-1
Suppose -3*g - 3*l = -2*g - 8, -2*g = -3*l + 20. Let u(h) = -3926*h**2 - 3930*h**2 - 5*h - 3931*h**2 + 11786*h**2. Determine u(g).
4
Let b(n) = -4 - n + 5*n**2 + 71*n**3 - 144*n**3 + 71*n**3. Determine b(3).
-16
Let m(j) be the first derivative of -j**5/20 + 5*j**4/12 + j**3 - 2*j**2 + 38*j - 34. Let p(o) be the first derivative of m(o). Determine p(6).
-4
Let r(s) be the second derivative of -s**5/20 - s**4/2 - s**3/6 - 4*s**2 + 5*s - 18. Give r(-6).
-2
Let f(x) be the first derivative of -7/3*x**3 + 1/4*x**4 + 23 + 2*x + 2*x**2. What is f(6)?
-10
Suppose 0 = 11*c - 8*c - 6. Let q(t) = -t**c + 25*t + 2 + 2*t**2 - 20*t. Suppose -k + 1 + 0 = -2*u, -4*k = -3*u + 11. What is q(u)?
-4
Let i(o) = o**2 -